33.
7
Evaluate -8 + (-2 - (-2 + 0) - (-106 - -74)).
24
(-12 + 79 - 148) + 122
41
Evaluate 19 - (164 - (145 + -62)).
-62
Evaluate 9 - -1 - (-5 + -7 + 17) - -3 - -30.
38
What is (-17 - 3) + -2 + -8 + (23 - 10)?
-17
(10 - -3 - (-9 - -20 - -6)) + 82
78
What is the value of (68 - 12) + 1 + -41 - -57?
73
(-3 - (11 - 9)) + 0 + (-26 - 10) + -7
-48
Evaluate -94 + (14 - -96) + -29 + 1.
-12
Calculate 0 + (-2 - -2 - -1) + 47 + (-13 - -9).
44
Calculate 6588 + -6637 + (34 - -2).
-13
Evaluate (-1 - 14) + (-9 - (-36 - -63)) + 39 + -98.
-110
What is (17 - (6 + -5 + (-15 - -43))) + (3 - -26)?
17
What is the value of 87 + 31 + -73 + 7 + 29?
81
Evaluate -28 - (43 + -3 + -40 - (0 - 0)).
-28
What is the value of (-89 - -29) + 9 - -48?
-3
What is (210 - 204) + -10 + -3?
-7
What is 0 + -12 + 32 + -8 + 2 + 47 + -5?
56
Evaluate -1 + -96 + (0 + 28 - (-53 - (-109 + 38))).
-87
What is 2 + (250 - (-60 - -186))?
126
What is the value of -60 - (-122 - (45 + -102))?
5
Evaluate -26 + (14 - (-88 + 34)).
42
-6 + (-4 - -1) - (3 + (24 - (-24 - -12)))
-48
Evaluate (-3 + (0 + 4 - (-38 + 48)) - -18) + -5.
4
What is -42 - -65 - (5 + (0 - 8 - -4 - -9))?
13
What is the value of -16 - (-109 + (19 + -28 - 6))?
108
What is the value of -258 + 182 - -101 - ((0 - 0) + -3)?
28
-48 - (-33 - 47) - (19 + 0) - 8
5
31 + -50 + 16 + (9 - (-1 + 3))
4
Calculate 0 + 7 + -3 - (-50 - -111).
-57
What is (0 - (11 + -2) - (-53 + 64 - 13)) + -11?
-18
Evaluate (5 - -16) + (929 - 969).
-19
Calculate (1 - (-6 + 5 - 0)) + 12 + 21.
35
What is the value of 5 + (-53 - -3) + (-1 - -6) + -12?
-52
-160 - (-55 - (-88 + 114))
-79
82 + -159 - -87 - (0 + -1 + 45)
-34
What is (15 - -8) + (-27 - -20) + 17?
33
-76 + 0 + -2 + 23 + -2 + -668 + 657
-68
Evaluate 1 + 36 - (-692 - -758).
-29
Evaluate -27 + 18 + -1 + -21 + 9 + 5 + -8.
-25
What is -73 + (58 - -177) - (58 + -9)?
113
Calculate (212 - (-94 + 237)) + (-1 - 1).
67
Calculate 17 + (5 - -14 - 5 - (1 + -48)).
78
Evaluate (101 - (94 + -6)) + -6 + 2 + -2 + 21.
28
-993 - -926 - (34 + -1) - -30
-70
What is the value of -4 - -7 - (-3 + 58 + -9 + -2)?
-41
What is 24 - (41 + -4 - 27) - (2 - -57)?
-45
What is (-12 - 32) + (-3 + 4 - -6) - (-2 - 11)?
-24
What is the value of 118 - (-71 + (-47 - -204))?
32
What is 78 - ((-20 - -11) + 0 + -1 + (8 - 9))?
89
What is 9 + 2 + 0 + -16 + 29 + -19 + -21?
-16
What is the value of (1 + 6 + -12 - -3) + 14 + -23?
-11
What is the value of 27 + -4 - (-23 - (-21 + 26 + -17))?
34
Calculate -101 - (439 + -436 + (2 - 42)).
-64
What is the value of (1 + 0 - -13) + -71 + (-182 + 86 - -94)?
-59
Calculate -74 - (2 + 1 - -8 - (9 - 4)).
-80
72 + 28 - -2 - (-2 - (-13 - (-1 - 8)))
100
What is the value of 13 + (5 - (22 + -10)) - (2 + -29 - 0)?
33
(-16 + -15 - 7) + (11 - -5)
-22
-91 - (253 + -157 + -141)
-46
What is -45 - (-55 - (16 + -33))?
-7
What is the value of 32 + 2 + (149 - 185) - (16 - 1)?
-17
(-5 - -1) + (15 - 16 - -3 - 19 - -139)
118
(32 - 18) + (12 + 1 + -5 - -12)
34
Evaluate (-14 - 14 - (-55 - -25)) + 25.
27
What is 2 - (1 + (-8 - 28) + 13)?
24
Evaluate (72 - -55) + -198 + -46.
-117
Evaluate 19 + (-36 - -33 - (5 + (-3 - -7))).
7
Evaluate (1 - (2 - 9 - -10)) + 3 + (2 - -6).
9
What is -6 - (23 + (-22 - -1)) - (1 + -8)?
-1
-12 + (23 - 46) + 8 + (5 - 7)
-29
What is the value of 2418 + -2523 + -7 + 1?
-111
What is -67 - -67 - (-8 + 6)?
2
Evaluate 208 - (-145 + 20 + 213).
120
Evaluate 14 + -86 + (-37 - -45) + -38.
-102
Calculate -36 - (50 - (110 + 14)).
38
Evaluate 28 - (18 + -14 + (26 - 30)).
28
What is 33 + -57 - -9 - 28?
-43
53 + ((29 - 25) + -7 - 21)
29
Evaluate 22 - (-91 + 51 + (-1 - 9)).
72
What is -22 + -127 + 36 + 59?
-54
What is the value of (35 - -2 - (102 + -100)) + 2?
37
20 + -49 + 14 - -51
36
31 + (-124 - 30) - -192
69
Evaluate -16 + (29 + -22 - -6) - (-6 + (-5 - -110)).
-102
What is the value of (-9 - (8 + 7)) + 14 + -2 + -14?
-26
-14 + -24 + (-20 - -36 - 28 - 2)
-52
Calculate (-26 - -39) + (3 - (1 - 1)) - (363 - 435).
88
Calculate 66 - ((47 - 57) + 42).
34
What is the value of -1 + 23 - (3533 - 3513)?
2
Calculate -52 + (-3 - 1 - 2) + 21 - 4.
-41
(-1 - 9) + (61 + 1 - (51 - (50 + 4)))
55
Evaluate -15 - (1 + 22 + 11 + -32).
-17
What is the value of -9 - (-22 + -8 + -12 + -81)?
114
Evaluate (1 - 1) + (-9 - (0 - 7)) - 31.
-33
What is the value of (41 + -64 - -34) + (-10 - -1) - (-36 + 5)?
33
Calculate 9 + (-23 - -8 - 3) - 41.
-50
Evaluate (-154 - -159 - (-6 - (0 - 0))) + (-12 - -22).
21
What is -21 + (-14 - (-19 - -24) - (-131 - 0))?
91
Calculate -204 + 206 + (26 - -30).
58
Calculate (-12 - (5 + -31) - -3) + 26.
43
Calculate 11 + (8 - 4 - 6) - -8.
17
What is the value of 6 + -33 + -13 + (38 - 13) + 5?
-10
What is -31 - (17 - (6 + (5 - 3)))?
-40
What is -57 + 59 - (172 + -242)?
72
82 - (-14 + 57 + 6)
33
-8 + -1532 + 1539 + (0 - -26)
25
What is the value of 67 + -27 + 3 + 27?
70
Evaluate (-4148 - -4151) + 16 + 3.
22
Calculate -2 + -7 + 68 + -58.
1
Calculate 11 + -5 + 5 - -1 - -40.
52
Calculate 4 - (-12 + 0 + 52 + (35 - 80)).
9
-2 + (-2 + 7 - 10) - (18 - (3 - 27))
-49
-158 - (4 + -9 + (29 - 14 - 21))
-147
Evaluate 51 + -22 - 11 - (-8 - -7 - 6).
25
(10 - 69) + 18 - (20 - 36)
-25
Calculate (-1 - -3) + 0 - (345 - 296).
-47
What is the value of 8 + -10 + (32 - 7) + -7 + -9 + 5?
12
46 + -16 + -5 + (28 - -21)
74
What is (-4 - (1 + -9)) + -81 - (2 + 8 + -11)?
-76
What is -23 + 6 + -4 - (86 + -12 + 7)?
-102
Calculate -1 + 50 - (-2111 + 2142) - -12.
30
Calculate (-4 - -39) + (14 - 55).
-6
What is 8 + (-4 - (-20 + 9) - 27) + -8 - 8?
-28
Evaluate -2 + -20 + -3 + (67 - -4).
46
-1 + -4 + 4 + -5 + 1 - (302 + -293)
-14
What is the value of -12 - (-3 - 12 - (86 - (-49 - -26)))?
112
What is the value of 22 + (-4 + 14 - 8 - -18)?
42
What is 5 - (23 + (-325 - -306) + (107 - -1))?
-107
Calculate 20 + -22 - -1 - (-10 - (-13 - 5)).
-9
Evaluate -1 + -3 - ((-45 - 91) + 158).
-26
Calculate (8 - -1) + (2096 - 2067).
38
What is the value of (-130 - -96 - 42) + -30?
-106
What is the value of 63 + -5 + (22 + -32 - -21) + -5 + 1?
65
Calculate (0 + -8 - (-93 - -185 - 102)) + 40 + -3.
39
What is -5 + (-8 - (2 + -9 + 7 + -15)) + 41?
43
Evaluate -107 + (4 + (-31 - -74) - 25).
-85
Calculate -29 + -33 + 111 - (3 + -4 + -14).
64
Evaluate (-20 - -20) + (30 - (1 - -7)) + -6 - 125.
-109
(20 - (-147 + 152)) + (-1 - 18) - -21
17
What is the value of (3 - -8) + (21 - (112 + -18)) - (0 + 14)?
-76
-51 + -132 + 150 + -27
-60
21 + -1 + -44 + (14 - 2) + (5 - 45)
-52
What is the value of -14 - ((6 - (-1 - -2)) + 49 + -39)?
-29
1 + -15 + (-28 - -2) + 52
12
4 + (54 - (-45 + 98)) + 1 + -1
5
Evaluate -24 + -1 - (-80 + -23) - (-6 + 3).
81
-7 - (10 + -20 + (2 - -14))
-13
Calculate 22 - -2 - (401 - 370) - 49.
-56
What is the value of (-630 - -682 - (10 + -1)) + 20?
63
Evaluate 1 + -6 + -29 + 27 + 18 + (35 - 57).
-11
Evaluate (-113 - (-42 + -86)) + 3 + -52.
-34
What is the value of (-12 - 0 - ((-49 - 8) + 43) - 15) + 96?
83
Calculate -30 + -1 - ((106 - 46) + -40).
-51
Evaluate -17 - -13 - -21 - 21 - 25.
-29
What is 40 - 42 - (4 + 0) - (20 + 1)?
-27
What is (-31 - -22 - (21 - 23)) + 8 + 1?
2
Evaluate (-1 - 26) + (9298 - 9218).
53
(-419 - -381) + -31 + 1 + -13
-81
Calculate -106 - (-11 - (-3 - (7 + -29))).
-76
160 + -190 + (6 - 100) + 30
-94
Calculate 3 - (-15 - (-9 + -8 + (13 - -4))) - -11.
29
Evaluate 52 + -98 - -127 - 147.
-66
-42 + -1 + -5 + -7 + 13 + -6
-48
What is the value of 60 - 46 - -45 - (12 + -2 + -1 + 0)?
50
Calculate -1 + (-1 - (-39 + 31 - 20)).
26
What is -12 + (11 + (-10 - -2) - -3) - (-19 + 14)?
-1
Calculate -218 - -272 - (-15 + 61) - (26 - (2 - 1)).
-17
Evaluate 1 - (4 + 7) - 2 - (490 - 570).
68
Evaluate 4 - (-159 + 189 + -3 + 2 + 1).
-26
Evaluate (1 + -1 - -34) + -17215 + 17216.
35
Evaluate (-3 + -20 + 42 - -51) + -25.
45
Evaluate (-39 - -12) + 91 + -104.
-40
What is (-3 - -12 - (-8 + -22) - -11) + -8 - 0?
42
What is (-18 - (-21 - -8)) + (-1 - (3 + -2))?
-7
Calculate 6 + (-1 + 11 - (92 - 86)) - 17.
-7
3 + 7 + (-3 - 15) + 22 - 8
6
What is the value of 8 + -4 + -42 + 0?
-38
(-5 - ((3 - -7) + -14) - 4) + (9 - -83)
87
Calculate -43 - (32 - 35 - (13 + -8)).
-35
-7 - (17 + -7 + -25 + 18)
-10
-192 + 232 + -56 + 2
-14
0 + 11 + -48 + 37 + -68 + 30
-38
What is -1 - ((-41 - -165) + (-11 - -10) + -12)?
-112
Evaluate (108 + -78 + 0 + -10 - 11) + 116 + -13.
112
Calculate (-14 - -14 - (6 + 6)) + -2